{"id":2989,"date":"2025-05-27T11:57:25","date_gmt":"2025-05-27T11:57:25","guid":{"rendered":"https:\/\/akropolis.lt\/kaunas\/?page_id=2989"},"modified":"2026-05-14T21:04:33","modified_gmt":"2026-05-14T21:04:33","slug":"nemokami-patogumai","status":"publish","type":"page","link":"https:\/\/akropolis.lt\/kaunas\/nemokami-patogumai\/","title":{"rendered":"Nemokami patogumai"},"content":{"rendered":"\n    <section id=\"post-cards-list-block-6835a8a507a34\" class=\"post-cards-list\">\n        <div class=\"container\">\n\n                                                <h1 class=\"h4 title\">Nemokami patogumai<\/h1>\n                \n                                    <div class=\"grid-section\">\n                        <div class=\"text wysiwyg md-col-span-12 col-span-8\">\n                            <p>Nemokami patogumai Kauno AKROPOLYJE \u2013 j\u016bs\u0173 skland\u017eiam ir maloniam apsilankymui.<\/p>\n<div id=\"lt-accessibility-devtools\" aria-hidden=\"true\"><\/div>\n                        <\/div>\n                    <\/div>\n                            \n                                                <div class=\"cards-list\">\n                        \n<a href=\"https:\/\/akropolis.lt\/kaunas\/parduotuve\/akropolio-informacija\/\" class=\"service-card card-item sm-col-span-12 md-col-span-6 col-span-4\">\n    <div class=\"content-wrapper\">\n        \n                                            <img\n                        class=\"service-icon force-no-contrast\"\n                        src=\"https:\/\/akropolis.lt\/kaunas\/wp-content\/uploads\/sites\/3\/2026\/05\/Information-services-about-the-shopping-center-1.svg\"\n                        srcset=\"\"\n                        alt=\"\"\/>\n\n            \n        \n                    <h2 class=\"h7 service-title\">\n                INFORMACIJOS CENTRAS            <\/h2>\n        \n                    <div class=\"service-description wysiwyg\">\n                <p>Informacijos centras<\/p>\n\n            <\/div>\n        \n        <div class=\"link service-cta\">\n            <span>Su\u017einoti daugiau<\/span>\n        <\/div>\n    <\/div>\n<\/a>\n\n<a href=\"https:\/\/akropolis.lt\/kaunas\/parduotuve\/automatinis-sirdies-defibriliatorius\/\" class=\"service-card card-item sm-col-span-12 md-col-span-6 col-span-4\">\n    <div class=\"content-wrapper\">\n        \n                                            <img\n                        class=\"service-icon force-no-contrast\"\n                        src=\"https:\/\/akropolis.lt\/kaunas\/wp-content\/uploads\/sites\/3\/2026\/05\/Automated-external-defibrillator-AED-1.svg\"\n                        srcset=\"\"\n                        alt=\"\"\/>\n\n            \n        \n                    <h2 class=\"h7 service-title\">\n                Automatinis \u0161irdies defibriliatorius            <\/h2>\n        \n                    <div class=\"service-description wysiwyg\">\n                <p>Sutrikus \u0161irdies veiklai, ypa\u010d svarbi greita reakcija ir pagalba.<\/p>\n<p>Special\u016bs \u017eenklai prekybos centre nurodo, kur \u012frengti automatiniai i\u0161oriniai defibriliatoriai (AED).<\/p>\n\n            <\/div>\n        \n        <div class=\"link service-cta\">\n            <span>Su\u017einoti daugiau<\/span>\n        <\/div>\n    <\/div>\n<\/a>\n\n<a href=\"https:\/\/akropolis.lt\/kaunas\/nemokami-patogumai\/vaiku-prieziuros-kambariai\/\" class=\"service-card card-item sm-col-span-12 md-col-span-6 col-span-4\">\n    <div class=\"content-wrapper\">\n        \n                                            <img\n                        class=\"service-icon force-no-contrast\"\n                        src=\"https:\/\/akropolis.lt\/kaunas\/wp-content\/uploads\/sites\/3\/2026\/05\/Childcare-room-1.svg\"\n                        srcset=\"\"\n                        alt=\"\"\/>\n\n            \n        \n                    <h2 class=\"h7 service-title\">\n                Vaik\u0173 prie\u017ei\u016bros kambariai            <\/h2>\n        \n                    <div class=\"service-description wysiwyg\">\n                <p>Vaiko prie\u017ei\u016bros kambariuose rasite tai, ko labiausiai gali prireikti t\u0117vams su k\u016bdikiais \u2013 vystymo stal\u0105, maitinimo k\u0117dut\u0119 ir kr\u0117sl\u0105.<\/p>\n\n            <\/div>\n        \n        <div class=\"link service-cta\">\n            <span>Su\u017einoti daugiau<\/span>\n        <\/div>\n    <\/div>\n<\/a>\n\n<a href=\"https:\/\/akropolis.lt\/kaunas\/parduotuve\/wi-fi-zona\/\" class=\"service-card card-item sm-col-span-12 md-col-span-6 col-span-4\">\n    <div class=\"content-wrapper\">\n        \n                                            <img\n                        class=\"service-icon force-no-contrast\"\n                        src=\"https:\/\/akropolis.lt\/kaunas\/wp-content\/uploads\/sites\/3\/2026\/05\/Wi-Fi-zone-1.svg\"\n                        srcset=\"\"\n                        alt=\"\"\/>\n\n            \n        \n                    <h2 class=\"h7 service-title\">\n                Wi-Fi zona            <\/h2>\n        \n                    <div class=\"service-description wysiwyg\">\n                <p>Nemokamas belaidis internetas patogiam nar\u0161ymui.<\/p>\n\n            <\/div>\n        \n        <div class=\"link service-cta\">\n            <span>Su\u017einoti daugiau<\/span>\n        <\/div>\n    <\/div>\n<\/a>\n\n<a href=\"https:\/\/akropolis.lt\/kaunas\/parduotuve\/savitarnos-drabuzine-ir-daiktu-saugojimo-spinteles\/\" class=\"service-card card-item sm-col-span-12 md-col-span-6 col-span-4\">\n    <div class=\"content-wrapper\">\n        \n                                            <img\n                        class=\"service-icon force-no-contrast\"\n                        src=\"https:\/\/akropolis.lt\/kaunas\/wp-content\/uploads\/sites\/3\/2026\/05\/Cloakroom-1.svg\"\n                        srcset=\"\"\n                        alt=\"\"\/>\n\n            \n        \n                    <h2 class=\"h7 service-title\">\n                Savitarnos drabu\u017ein\u0117 ir daikt\u0173 saugojimo spintel\u0117s            <\/h2>\n        \n                    <div class=\"service-description wysiwyg\">\n                <p>Savitarnos drabu\u017ein\u0117je galite palikti vir\u0161utinius drabu\u017eius, o daikt\u0173 saugojimo spintel\u0117se \u2013 asmeninius daiktus.<\/p>\n\n            <\/div>\n        \n        <div class=\"link service-cta\">\n            <span>Su\u017einoti daugiau<\/span>\n        <\/div>\n    <\/div>\n<\/a>\n\n<a href=\"https:\/\/akropolis.lt\/kaunas\/parduotuve\/maxima-daiktu-saugojimo-spinteles\/\" class=\"service-card card-item sm-col-span-12 md-col-span-6 col-span-4\">\n    <div class=\"content-wrapper\">\n        \n                                            <img\n                        class=\"service-icon force-no-contrast\"\n                        src=\"https:\/\/akropolis.lt\/kaunas\/wp-content\/uploads\/sites\/3\/2026\/05\/Item-Storage.svg\"\n                        srcset=\"\"\n                        alt=\"\"\/>\n\n            \n        \n                    <h2 class=\"h7 service-title\">\n                \u201eMaxima\u201c daikt\u0173 saugojimo spintel\u0117s            <\/h2>\n        \n                    <div class=\"service-description wysiwyg\">\n                <p>\u0160alia \u201eMaxima\u201c \u012frengtos daikt\u0173 saugojimo spintel\u0117s, kuriose galite palikti asmeninius daiktus apsipirkimo metu.<\/p>\n\n            <\/div>\n        \n        <div class=\"link service-cta\">\n            <span>Su\u017einoti daugiau<\/span>\n        <\/div>\n    <\/div>\n<\/a>\n\n<a href=\"https:\/\/akropolis.lt\/kaunas\/parduotuve\/taros-surinkimas\/\" class=\"service-card card-item sm-col-span-12 md-col-span-6 col-span-4\">\n    <div class=\"content-wrapper\">\n        \n                                            <img\n                        class=\"service-icon force-no-contrast\"\n                        src=\"https:\/\/akropolis.lt\/kaunas\/wp-content\/uploads\/sites\/3\/2026\/05\/Bottle-Deposit-Return-Machine-1.svg\"\n                        srcset=\"\"\n                        alt=\"\"\/>\n\n            \n        \n                    <h2 class=\"h7 service-title\">\n                Taros surinkimas            <\/h2>\n        \n                    <div class=\"service-description wysiwyg\">\n                <p>\u010cia galite gr\u0105\u017einti tar\u0105 ir atgauti u\u017estat\u0105.<\/p>\n\n            <\/div>\n        \n        <div class=\"link service-cta\">\n            <span>Su\u017einoti daugiau<\/span>\n        <\/div>\n    <\/div>\n<\/a>\n\n<a href=\"https:\/\/akropolis.lt\/kaunas\/nemokami-patogumai\/tekstiles-surinkimo-konteineriai\/\" class=\"service-card card-item sm-col-span-12 md-col-span-6 col-span-4\">\n    <div class=\"content-wrapper\">\n        \n                                            <img\n                        class=\"service-icon force-no-contrast\"\n                        src=\"https:\/\/akropolis.lt\/kaunas\/wp-content\/uploads\/sites\/3\/2026\/05\/Textile-collection-container-1.svg\"\n                        srcset=\"\"\n                        alt=\"\"\/>\n\n            \n        \n                    <h2 class=\"h7 service-title\">\n                Tekstil\u0117s surinkimo konteineriai            <\/h2>\n        \n                    <div class=\"service-description wysiwyg\">\n                <p>Konteineriai skirti nereikalingai tekstilei \u2013 \u010dia galite palikti nebenaudojamus drabu\u017eius ir kitus tekstil\u0117s gaminius.<\/p>\n\n            <\/div>\n        \n        <div class=\"link service-cta\">\n            <span>Su\u017einoti daugiau<\/span>\n        <\/div>\n    <\/div>\n<\/a>\n\n<a href=\"https:\/\/akropolis.lt\/kaunas\/nemokami-patogumai\/neigaliuju-vezimeliu-stoteles\/\" class=\"service-card card-item sm-col-span-12 md-col-span-6 col-span-4\">\n    <div class=\"content-wrapper\">\n        \n                                            <img\n                        class=\"service-icon force-no-contrast\"\n                        src=\"https:\/\/akropolis.lt\/kaunas\/wp-content\/uploads\/sites\/3\/2026\/05\/Wheelchair-1.svg\"\n                        srcset=\"\"\n                        alt=\"\"\/>\n\n            \n        \n                    <h2 class=\"h7 service-title\">\n                Ne\u012fgali\u0173j\u0173 ve\u017eim\u0117li\u0173 stotel\u0117s            <\/h2>\n        \n                    <div class=\"service-description wysiwyg\">\n                <p>\u010cia rasite ve\u017eim\u0117lius, kurie skirti \u017emon\u0117ms su negalia, senjorams, patyrusiems traum\u0105 ar susiduriantiems su jud\u0117jimo sunkumais.<\/p>\n\n            <\/div>\n        \n        <div class=\"link service-cta\">\n            <span>Su\u017einoti daugiau<\/span>\n        <\/div>\n    <\/div>\n<\/a>\n                    <\/div>\n                \n            \n        <\/div>\n    <\/section>\n\n<script>window.dispatchEvent( new Event('acf\/loaded\/post-cards-list'));<\/script>","protected":false},"excerpt":{"rendered":"","protected":false},"author":1,"featured_media":0,"parent":0,"menu_order":0,"comment_status":"closed","ping_status":"closed","template":"","meta":{"_acf_changed":false,"footnotes":""},"class_list":["post-2989","page","type-page","status-publish","hentry"],"acf":[],"yoast_head":"<!-- This site is optimized with the Yoast SEO plugin v27.2 - https:\/\/yoast.com\/product\/yoast-seo-wordpress\/ -->\n<title>Nemokami patogumai - Akropolis Kaunas<\/title>\n<meta name=\"robots\" content=\"index, follow, max-snippet:-1, max-image-preview:large, max-video-preview:-1\" \/>\n<link rel=\"canonical\" href=\"https:\/\/akropolis.lt\/kaunas\/nemokami-patogumai\/\" \/>\n<meta property=\"og:locale\" content=\"lt_LT\" \/>\n<meta property=\"og:type\" content=\"article\" \/>\n<meta property=\"og:title\" content=\"Nemokami patogumai - Akropolis Kaunas\" \/>\n<meta property=\"og:url\" content=\"https:\/\/akropolis.lt\/kaunas\/nemokami-patogumai\/\" \/>\n<meta property=\"og:site_name\" content=\"Akropolis Kaunas\" \/>\n<meta property=\"article:modified_time\" content=\"2026-05-14T21:04:33+00:00\" \/>\n<meta property=\"og:image\" content=\"https:\/\/akropolis.lt\/kaunas\/wp-content\/uploads\/sites\/3\/2025\/12\/OG-image.png\" \/>\n\t<meta property=\"og:image:width\" content=\"1200\" \/>\n\t<meta property=\"og:image:height\" content=\"630\" \/>\n\t<meta property=\"og:image:type\" content=\"image\/png\" \/>\n<meta name=\"twitter:card\" content=\"summary_large_image\" \/>\n<script type=\"application\/ld+json\" class=\"yoast-schema-graph\">{\"@context\":\"https:\/\/schema.org\",\"@graph\":[{\"@type\":\"WebPage\",\"@id\":\"https:\/\/akropolis.lt\/kaunas\/nemokami-patogumai\/\",\"url\":\"https:\/\/akropolis.lt\/kaunas\/nemokami-patogumai\/\",\"name\":\"Nemokami patogumai - Akropolis Kaunas\",\"isPartOf\":{\"@id\":\"https:\/\/akropolis.lt\/kaunas\/#website\"},\"datePublished\":\"2025-05-27T11:57:25+00:00\",\"dateModified\":\"2026-05-14T21:04:33+00:00\",\"breadcrumb\":{\"@id\":\"https:\/\/akropolis.lt\/kaunas\/nemokami-patogumai\/#breadcrumb\"},\"inLanguage\":\"lt-LT\",\"potentialAction\":[{\"@type\":\"ReadAction\",\"target\":[\"https:\/\/akropolis.lt\/kaunas\/nemokami-patogumai\/\"]}]},{\"@type\":\"BreadcrumbList\",\"@id\":\"https:\/\/akropolis.lt\/kaunas\/nemokami-patogumai\/#breadcrumb\",\"itemListElement\":[{\"@type\":\"ListItem\",\"position\":1,\"name\":\"Home\",\"item\":\"https:\/\/akropolis.lt\/kaunas\/\"},{\"@type\":\"ListItem\",\"position\":2,\"name\":\"Nemokami patogumai\"}]},{\"@type\":\"WebSite\",\"@id\":\"https:\/\/akropolis.lt\/kaunas\/#website\",\"url\":\"https:\/\/akropolis.lt\/kaunas\/\",\"name\":\"Akropolis Kaunas\",\"description\":\"\",\"potentialAction\":[{\"@type\":\"SearchAction\",\"target\":{\"@type\":\"EntryPoint\",\"urlTemplate\":\"https:\/\/akropolis.lt\/kaunas\/?s={search_term_string}\"},\"query-input\":{\"@type\":\"PropertyValueSpecification\",\"valueRequired\":true,\"valueName\":\"search_term_string\"}}],\"inLanguage\":\"lt-LT\"}]}<\/script>\n<!-- \/ Yoast SEO plugin. -->","yoast_head_json":{"title":"Nemokami patogumai - Akropolis Kaunas","robots":{"index":"index","follow":"follow","max-snippet":"max-snippet:-1","max-image-preview":"max-image-preview:large","max-video-preview":"max-video-preview:-1"},"canonical":"https:\/\/akropolis.lt\/kaunas\/nemokami-patogumai\/","og_locale":"lt_LT","og_type":"article","og_title":"Nemokami patogumai - Akropolis Kaunas","og_url":"https:\/\/akropolis.lt\/kaunas\/nemokami-patogumai\/","og_site_name":"Akropolis Kaunas","article_modified_time":"2026-05-14T21:04:33+00:00","og_image":[{"width":1200,"height":630,"url":"https:\/\/akropolis.lt\/kaunas\/wp-content\/uploads\/sites\/3\/2025\/12\/OG-image.png","type":"image\/png"}],"twitter_card":"summary_large_image","schema":{"@context":"https:\/\/schema.org","@graph":[{"@type":"WebPage","@id":"https:\/\/akropolis.lt\/kaunas\/nemokami-patogumai\/","url":"https:\/\/akropolis.lt\/kaunas\/nemokami-patogumai\/","name":"Nemokami patogumai - Akropolis Kaunas","isPartOf":{"@id":"https:\/\/akropolis.lt\/kaunas\/#website"},"datePublished":"2025-05-27T11:57:25+00:00","dateModified":"2026-05-14T21:04:33+00:00","breadcrumb":{"@id":"https:\/\/akropolis.lt\/kaunas\/nemokami-patogumai\/#breadcrumb"},"inLanguage":"lt-LT","potentialAction":[{"@type":"ReadAction","target":["https:\/\/akropolis.lt\/kaunas\/nemokami-patogumai\/"]}]},{"@type":"BreadcrumbList","@id":"https:\/\/akropolis.lt\/kaunas\/nemokami-patogumai\/#breadcrumb","itemListElement":[{"@type":"ListItem","position":1,"name":"Home","item":"https:\/\/akropolis.lt\/kaunas\/"},{"@type":"ListItem","position":2,"name":"Nemokami patogumai"}]},{"@type":"WebSite","@id":"https:\/\/akropolis.lt\/kaunas\/#website","url":"https:\/\/akropolis.lt\/kaunas\/","name":"Akropolis Kaunas","description":"","potentialAction":[{"@type":"SearchAction","target":{"@type":"EntryPoint","urlTemplate":"https:\/\/akropolis.lt\/kaunas\/?s={search_term_string}"},"query-input":{"@type":"PropertyValueSpecification","valueRequired":true,"valueName":"search_term_string"}}],"inLanguage":"lt-LT"}]}},"_links":{"self":[{"href":"https:\/\/akropolis.lt\/kaunas\/wp-json\/wp\/v2\/pages\/2989","targetHints":{"allow":["GET"]}}],"collection":[{"href":"https:\/\/akropolis.lt\/kaunas\/wp-json\/wp\/v2\/pages"}],"about":[{"href":"https:\/\/akropolis.lt\/kaunas\/wp-json\/wp\/v2\/types\/page"}],"author":[{"embeddable":true,"href":"https:\/\/akropolis.lt\/kaunas\/wp-json\/wp\/v2\/users\/1"}],"replies":[{"embeddable":true,"href":"https:\/\/akropolis.lt\/kaunas\/wp-json\/wp\/v2\/comments?post=2989"}],"version-history":[{"count":9,"href":"https:\/\/akropolis.lt\/kaunas\/wp-json\/wp\/v2\/pages\/2989\/revisions"}],"predecessor-version":[{"id":6983,"href":"https:\/\/akropolis.lt\/kaunas\/wp-json\/wp\/v2\/pages\/2989\/revisions\/6983"}],"wp:attachment":[{"href":"https:\/\/akropolis.lt\/kaunas\/wp-json\/wp\/v2\/media?parent=2989"}],"curies":[{"name":"wp","href":"https:\/\/api.w.org\/{rel}","templated":true}]}}