{"id":2714,"date":"2025-05-30T08:41:20","date_gmt":"2025-05-30T08:41:20","guid":{"rendered":"https:\/\/akropolis.lt\/vilnius\/?page_id=4871"},"modified":"2025-06-03T11:19:49","modified_gmt":"2025-06-03T11:19:49","slug":"tvarumo-tikslai","status":"publish","type":"page","link":"https:\/\/akropolis.lt\/klaipeda\/tvarumo-tikslai\/","title":{"rendered":"Tvarumo tikslai"},"content":{"rendered":"    <section id=\"text-block-68342984bea28\" class=\"text\">\n        <div class=\"container medium\">\n            <div class=\"content-wrap\">\n                <h3 align=\"left\">Tvarumo tikslai<\/h3>\n<p align=\"left\">AKROPOLIS GROUP, UAB siekiame kurti atsakingo bei darniai pl\u0117tojamo verslo kult\u016br\u0105. Esame savo srities lyderiai Baltijos \u0161alyse, o m\u016bs\u0173 siekis veikti tvariau ir \u012fgyvendinamos tvarumo iniciatyvos yra svarbios m\u016bs\u0173 lankytojams, verslo partneriams ir investuotojams.<\/p>\n<p align=\"left\"><strong>M\u016bs\u0173 tvarumo tikslai<\/strong><\/p>\n<p align=\"left\">\u012esipareigojame:<\/p>\n<ul>\n<li>suma\u017einti 1 ir 2 apimties \u0160ESD emisijas per kv.m 65% iki 2030 met\u0173*<\/li>\n<li>suma\u017einti 3 apimties 5 ir 13 kategorij\u0173 \u0160ESD emisijas per kv.m 55% iki 2030 met\u0173*<\/li>\n<li>suma\u017einti energijos intensyvum\u0105 bendrosiose patalpose iki 110 kWh per kv.m iki 2030 met\u0173*<\/li>\n<li>pasiekti ir i\u0161laikyti bent \u201eBREEAM-in Use Very Good&#8221; (arba lygiavert\u012f) \u012fvertinim\u0105 visuose esamuose pastatuose iki 2030 met\u0173<\/li>\n<li>pasiekti 55% atliek\u0173 perdirbimo lyg\u012f iki 2030 met\u0173<\/li>\n<li>iki 2026 met\u0173 pabaigos parengti biologin\u0117s \u012fvairov\u0117s i\u0161saugojimo ir skatinimo politik\u0105 bei \u012fdiegti veiksm\u0173 plan\u0105 ir prad\u0117ti jo \u012fgyvendinim\u0105 visuose m\u016bs\u0173 valdomuose objektuose per 2027 metus<\/li>\n<li>padidinti vietos bendruomenes ir nevyriausybines organizacijas remian\u010di\u0173 iniciatyv\u0173 skai\u010di\u0173 bent iki 150 per Grup\u0119 kasmet iki 2030 met\u0173<\/li>\n<li>pasiekti, kad Akropolio Akademijos programose per vis\u0105 Grup\u0119 kasmet sudalyvaut\u0173 bent 500 nuominink\u0173 darbuotoj\u0173 iki 2030 met\u0173<\/li>\n<li>iki 2025 met\u0173 pabaigos parengti darbuotoj\u0173 \u012fg\u016bd\u017ei\u0173 tobulinimo politik\u0105 ir iki 2030 met\u0173 pasiekti, kad kasmet numatyt\u0105 program\u0105 pabaigt\u0173 bent 95% Grup\u0117s darbuotoj\u0173<\/li>\n<\/ul>\n<p align=\"left\"><em>* per vidutin\u012f portfelio bendro nuomojamo ploto kvadratin\u012f metr\u0105 (lyginant su 2023 metais)<\/em><\/p>\n            <\/div>\n                    <\/div>\n    <\/section>\n\n<script>window.dispatchEvent( new Event('acf\/loaded\/text'));<\/script>\n\n","protected":false},"excerpt":{"rendered":"","protected":false},"author":13,"featured_media":0,"parent":0,"menu_order":0,"comment_status":"closed","ping_status":"closed","template":"","meta":{"_acf_changed":false,"footnotes":""},"class_list":["post-2714","page","type-page","status-publish","hentry"],"acf":[],"yoast_head":"<!-- This site is optimized with the Yoast SEO plugin v27.2 - https:\/\/yoast.com\/product\/yoast-seo-wordpress\/ -->\n<title>Tvarumo tikslai - Akropolis Klaip\u0117da<\/title>\n<meta name=\"robots\" content=\"index, follow, max-snippet:-1, max-image-preview:large, max-video-preview:-1\" \/>\n<link rel=\"canonical\" href=\"https:\/\/akropolis.lt\/klaipeda\/tvarumo-tikslai\/\" \/>\n<meta property=\"og:locale\" content=\"lt_LT\" \/>\n<meta property=\"og:type\" content=\"article\" \/>\n<meta property=\"og:title\" content=\"Tvarumo tikslai - Akropolis Klaip\u0117da\" \/>\n<meta property=\"og:url\" content=\"https:\/\/akropolis.lt\/klaipeda\/tvarumo-tikslai\/\" \/>\n<meta property=\"og:site_name\" content=\"Akropolis Klaip\u0117da\" \/>\n<meta property=\"article:modified_time\" content=\"2025-06-03T11:19:49+00:00\" \/>\n<meta property=\"og:image\" content=\"https:\/\/akropolis.lt\/klaipeda\/wp-content\/uploads\/sites\/2\/2025\/12\/OG-image.png\" \/>\n\t<meta property=\"og:image:width\" content=\"1200\" \/>\n\t<meta property=\"og:image:height\" content=\"630\" \/>\n\t<meta property=\"og:image:type\" content=\"image\/png\" \/>\n<meta name=\"twitter:card\" content=\"summary_large_image\" \/>\n<script type=\"application\/ld+json\" class=\"yoast-schema-graph\">{\"@context\":\"https:\/\/schema.org\",\"@graph\":[{\"@type\":\"WebPage\",\"@id\":\"https:\/\/akropolis.lt\/klaipeda\/tvarumo-tikslai\/\",\"url\":\"https:\/\/akropolis.lt\/klaipeda\/tvarumo-tikslai\/\",\"name\":\"Tvarumo tikslai - Akropolis Klaip\u0117da\",\"isPartOf\":{\"@id\":\"https:\/\/akropolis.lt\/klaipeda\/#website\"},\"datePublished\":\"2025-05-30T08:41:20+00:00\",\"dateModified\":\"2025-06-03T11:19:49+00:00\",\"breadcrumb\":{\"@id\":\"https:\/\/akropolis.lt\/klaipeda\/tvarumo-tikslai\/#breadcrumb\"},\"inLanguage\":\"lt-LT\",\"potentialAction\":[{\"@type\":\"ReadAction\",\"target\":[\"https:\/\/akropolis.lt\/klaipeda\/tvarumo-tikslai\/\"]}]},{\"@type\":\"BreadcrumbList\",\"@id\":\"https:\/\/akropolis.lt\/klaipeda\/tvarumo-tikslai\/#breadcrumb\",\"itemListElement\":[{\"@type\":\"ListItem\",\"position\":1,\"name\":\"Home\",\"item\":\"https:\/\/akropolis.lt\/klaipeda\/\"},{\"@type\":\"ListItem\",\"position\":2,\"name\":\"Tvarumo tikslai\"}]},{\"@type\":\"WebSite\",\"@id\":\"https:\/\/akropolis.lt\/klaipeda\/#website\",\"url\":\"https:\/\/akropolis.lt\/klaipeda\/\",\"name\":\"Akropolis Klaip\u0117da\",\"description\":\"\",\"publisher\":{\"@id\":\"https:\/\/akropolis.lt\/klaipeda\/#organization\"},\"potentialAction\":[{\"@type\":\"SearchAction\",\"target\":{\"@type\":\"EntryPoint\",\"urlTemplate\":\"https:\/\/akropolis.lt\/klaipeda\/?s={search_term_string}\"},\"query-input\":{\"@type\":\"PropertyValueSpecification\",\"valueRequired\":true,\"valueName\":\"search_term_string\"}}],\"inLanguage\":\"lt-LT\"},{\"@type\":\"Organization\",\"@id\":\"https:\/\/akropolis.lt\/klaipeda\/#organization\",\"name\":\"Akropolis Klaip\u0117da\",\"url\":\"https:\/\/akropolis.lt\/klaipeda\/\",\"logo\":{\"@type\":\"ImageObject\",\"inLanguage\":\"lt-LT\",\"@id\":\"https:\/\/akropolis.lt\/klaipeda\/#\/schema\/logo\/image\/\",\"url\":\"https:\/\/akropolis.lt\/klaipeda\/wp-content\/uploads\/sites\/2\/2025\/06\/image.png\",\"contentUrl\":\"https:\/\/akropolis.lt\/klaipeda\/wp-content\/uploads\/sites\/2\/2025\/06\/image.png\",\"width\":650,\"height\":650,\"caption\":\"Akropolis Klaip\u0117da\"},\"image\":{\"@id\":\"https:\/\/akropolis.lt\/klaipeda\/#\/schema\/logo\/image\/\"}}]}<\/script>\n<!-- \/ Yoast SEO plugin. -->","yoast_head_json":{"title":"Tvarumo tikslai - Akropolis Klaip\u0117da","robots":{"index":"index","follow":"follow","max-snippet":"max-snippet:-1","max-image-preview":"max-image-preview:large","max-video-preview":"max-video-preview:-1"},"canonical":"https:\/\/akropolis.lt\/klaipeda\/tvarumo-tikslai\/","og_locale":"lt_LT","og_type":"article","og_title":"Tvarumo tikslai - Akropolis Klaip\u0117da","og_url":"https:\/\/akropolis.lt\/klaipeda\/tvarumo-tikslai\/","og_site_name":"Akropolis Klaip\u0117da","article_modified_time":"2025-06-03T11:19:49+00:00","og_image":[{"width":1200,"height":630,"url":"https:\/\/akropolis.lt\/klaipeda\/wp-content\/uploads\/sites\/2\/2025\/12\/OG-image.png","type":"image\/png"}],"twitter_card":"summary_large_image","schema":{"@context":"https:\/\/schema.org","@graph":[{"@type":"WebPage","@id":"https:\/\/akropolis.lt\/klaipeda\/tvarumo-tikslai\/","url":"https:\/\/akropolis.lt\/klaipeda\/tvarumo-tikslai\/","name":"Tvarumo tikslai - Akropolis Klaip\u0117da","isPartOf":{"@id":"https:\/\/akropolis.lt\/klaipeda\/#website"},"datePublished":"2025-05-30T08:41:20+00:00","dateModified":"2025-06-03T11:19:49+00:00","breadcrumb":{"@id":"https:\/\/akropolis.lt\/klaipeda\/tvarumo-tikslai\/#breadcrumb"},"inLanguage":"lt-LT","potentialAction":[{"@type":"ReadAction","target":["https:\/\/akropolis.lt\/klaipeda\/tvarumo-tikslai\/"]}]},{"@type":"BreadcrumbList","@id":"https:\/\/akropolis.lt\/klaipeda\/tvarumo-tikslai\/#breadcrumb","itemListElement":[{"@type":"ListItem","position":1,"name":"Home","item":"https:\/\/akropolis.lt\/klaipeda\/"},{"@type":"ListItem","position":2,"name":"Tvarumo tikslai"}]},{"@type":"WebSite","@id":"https:\/\/akropolis.lt\/klaipeda\/#website","url":"https:\/\/akropolis.lt\/klaipeda\/","name":"Akropolis Klaip\u0117da","description":"","publisher":{"@id":"https:\/\/akropolis.lt\/klaipeda\/#organization"},"potentialAction":[{"@type":"SearchAction","target":{"@type":"EntryPoint","urlTemplate":"https:\/\/akropolis.lt\/klaipeda\/?s={search_term_string}"},"query-input":{"@type":"PropertyValueSpecification","valueRequired":true,"valueName":"search_term_string"}}],"inLanguage":"lt-LT"},{"@type":"Organization","@id":"https:\/\/akropolis.lt\/klaipeda\/#organization","name":"Akropolis Klaip\u0117da","url":"https:\/\/akropolis.lt\/klaipeda\/","logo":{"@type":"ImageObject","inLanguage":"lt-LT","@id":"https:\/\/akropolis.lt\/klaipeda\/#\/schema\/logo\/image\/","url":"https:\/\/akropolis.lt\/klaipeda\/wp-content\/uploads\/sites\/2\/2025\/06\/image.png","contentUrl":"https:\/\/akropolis.lt\/klaipeda\/wp-content\/uploads\/sites\/2\/2025\/06\/image.png","width":650,"height":650,"caption":"Akropolis Klaip\u0117da"},"image":{"@id":"https:\/\/akropolis.lt\/klaipeda\/#\/schema\/logo\/image\/"}}]}},"_links":{"self":[{"href":"https:\/\/akropolis.lt\/klaipeda\/wp-json\/wp\/v2\/pages\/2714","targetHints":{"allow":["GET"]}}],"collection":[{"href":"https:\/\/akropolis.lt\/klaipeda\/wp-json\/wp\/v2\/pages"}],"about":[{"href":"https:\/\/akropolis.lt\/klaipeda\/wp-json\/wp\/v2\/types\/page"}],"author":[{"embeddable":true,"href":"https:\/\/akropolis.lt\/klaipeda\/wp-json\/wp\/v2\/users\/13"}],"replies":[{"embeddable":true,"href":"https:\/\/akropolis.lt\/klaipeda\/wp-json\/wp\/v2\/comments?post=2714"}],"version-history":[{"count":1,"href":"https:\/\/akropolis.lt\/klaipeda\/wp-json\/wp\/v2\/pages\/2714\/revisions"}],"predecessor-version":[{"id":2999,"href":"https:\/\/akropolis.lt\/klaipeda\/wp-json\/wp\/v2\/pages\/2714\/revisions\/2999"}],"wp:attachment":[{"href":"https:\/\/akropolis.lt\/klaipeda\/wp-json\/wp\/v2\/media?parent=2714"}],"curies":[{"name":"wp","href":"https:\/\/api.w.org\/{rel}","templated":true}]}}