{"id":2415,"date":"2025-04-28T13:14:35","date_gmt":"2025-04-28T10:14:35","guid":{"rendered":"https:\/\/akropolis.lt\/vilnius\/?page_id=4780"},"modified":"2025-06-30T14:41:22","modified_gmt":"2025-06-30T14:41:22","slug":"karjera","status":"publish","type":"page","link":"https:\/\/akropolis.lt\/siauliai\/karjera\/","title":{"rendered":"Karjera"},"content":{"rendered":"\n<section id=\"career-intro-block-681c33705be60\" class=\"career-intro\">\n    <div class=\"container\">\n                    <div class=\"title-block\">\n                <h3 class=\"h4\">Karjera<\/h3>            <\/div>\n                <div class=\"career-intro-wrapper\">\n            <div class=\"career-intro-content-holder\">\n                <div class=\"career-intro-content\">\n                                            <div class=\"content-wrap\"><p>Atraskite karjeros galimybes AKROPOLIS grup\u0117je! Per\u017ei\u016br\u0117kite naujausius darbo skelbimus ir prisijunkite prie m\u016bs\u0173 komandos<\/p>\n<\/div>\n                                    <\/div>\n                                    <div class=\"career-intro-button\">\n                        <button class=\"btn dot bg-red next-section\"><span>Atviros pozicijos<\/span><\/button>\n                    <\/div>\n                            <\/div>\n                                            <div class=\"career-intro-image-holder\">\n                    <img class=\"force-no-contrast\" src=\"https:\/\/akropolis.lt\/siauliai\/wp-content\/uploads\/sites\/5\/2025\/06\/image.svg\"\n                         srcset=\"https:\/\/akropolis.lt\/siauliai\/wp-content\/uploads\/sites\/5\/2025\/06\/image.svg 767whttps:\/\/akropolis.lt\/siauliai\/wp-content\/uploads\/sites\/5\/2025\/06\/image.svg 768w\"\n                         sizes=\"(max-width: 767px) 100vw, 768px\" alt=\"Karjera\">\n                <\/div>\n                    <\/div>\n    <\/div>\n<\/section>\n\n<script>window.dispatchEvent( new Event('acf\/loaded\/career-intro'));<\/script>\n\n\n    <section id=\"career-list-block-6834d573cc911\" class=\"career-list\">\n                    <div class=\"container\">\n                <div class=\"title-block\">\n                    <h3 class=\"h4\">Karjera<\/h3>                <\/div>\n            <\/div>\n                            <div class=\"container\">\n                <div class=\"career-list-text\">\n                                            <div class=\"content-wrap\"><p>\u0160iuo metu laisv\u0173 pozicij\u0173 neturime. Ta\u010diau mes visada laukiame talenting\u0173 ir motyvuot\u0173 asmen\u0173, kurie prisijungt\u0173 prie m\u016bs\u0173 komandos!<\/p>\n<p>Jei jus domina darbas su AKROPOLIS GROUP UAB, nedvejodami si\u0173skite savo CV ir trump\u0105 prisistatym\u0105 apie save. Susisieksime, kai atsiras tinkama galimyb\u0117. <\/p>\n<\/div>\n                                    <\/div>\n                <div class=\"career-list-btn-block\">\n                    <button class=\"btn dot bg-red cv-popup\" data-site=\"5\" data-title=\"\u0160iuo metu neturime atvir\u0173 pozicij\u0173.\"><span>Si\u0173sti CV<\/span><\/button>\n                <\/div>\n            <\/div>\n            <\/section>\n\n<script>window.dispatchEvent( new Event('acf\/loaded\/career-list'));<\/script>","protected":false},"excerpt":{"rendered":"","protected":false},"author":13,"featured_media":0,"parent":0,"menu_order":0,"comment_status":"closed","ping_status":"closed","template":"","meta":{"_acf_changed":false,"footnotes":""},"class_list":["post-2415","page","type-page","status-publish","hentry"],"acf":[],"yoast_head":"<!-- This site is optimized with the Yoast SEO plugin v27.2 - https:\/\/yoast.com\/product\/yoast-seo-wordpress\/ -->\n<title>Karjera - Akropolis \u0160iauliai<\/title>\n<meta name=\"robots\" content=\"index, follow, max-snippet:-1, max-image-preview:large, max-video-preview:-1\" \/>\n<link rel=\"canonical\" href=\"https:\/\/akropolis.lt\/siauliai\/karjera\/\" \/>\n<meta property=\"og:locale\" content=\"lt_LT\" \/>\n<meta property=\"og:type\" content=\"article\" \/>\n<meta property=\"og:title\" content=\"Karjera - Akropolis \u0160iauliai\" \/>\n<meta property=\"og:url\" content=\"https:\/\/akropolis.lt\/siauliai\/karjera\/\" \/>\n<meta property=\"og:site_name\" content=\"Akropolis \u0160iauliai\" \/>\n<meta property=\"article:modified_time\" content=\"2025-06-30T14:41:22+00:00\" \/>\n<meta property=\"og:image\" content=\"https:\/\/akropolis.lt\/siauliai\/wp-content\/uploads\/sites\/5\/2025\/12\/OG-image.png\" \/>\n\t<meta property=\"og:image:width\" content=\"1200\" \/>\n\t<meta property=\"og:image:height\" content=\"630\" \/>\n\t<meta property=\"og:image:type\" content=\"image\/png\" \/>\n<meta name=\"twitter:card\" content=\"summary_large_image\" \/>\n<script type=\"application\/ld+json\" class=\"yoast-schema-graph\">{\"@context\":\"https:\/\/schema.org\",\"@graph\":[{\"@type\":\"WebPage\",\"@id\":\"https:\/\/akropolis.lt\/siauliai\/karjera\/\",\"url\":\"https:\/\/akropolis.lt\/siauliai\/karjera\/\",\"name\":\"Karjera - Akropolis \u0160iauliai\",\"isPartOf\":{\"@id\":\"https:\/\/akropolis.lt\/siauliai\/#website\"},\"datePublished\":\"2025-04-28T10:14:35+00:00\",\"dateModified\":\"2025-06-30T14:41:22+00:00\",\"breadcrumb\":{\"@id\":\"https:\/\/akropolis.lt\/siauliai\/karjera\/#breadcrumb\"},\"inLanguage\":\"lt-LT\",\"potentialAction\":[{\"@type\":\"ReadAction\",\"target\":[\"https:\/\/akropolis.lt\/siauliai\/karjera\/\"]}]},{\"@type\":\"BreadcrumbList\",\"@id\":\"https:\/\/akropolis.lt\/siauliai\/karjera\/#breadcrumb\",\"itemListElement\":[{\"@type\":\"ListItem\",\"position\":1,\"name\":\"Home\",\"item\":\"https:\/\/akropolis.lt\/siauliai\/\"},{\"@type\":\"ListItem\",\"position\":2,\"name\":\"Karjera\"}]},{\"@type\":\"WebSite\",\"@id\":\"https:\/\/akropolis.lt\/siauliai\/#website\",\"url\":\"https:\/\/akropolis.lt\/siauliai\/\",\"name\":\"Akropolis \u0160iauliai\",\"description\":\"\",\"potentialAction\":[{\"@type\":\"SearchAction\",\"target\":{\"@type\":\"EntryPoint\",\"urlTemplate\":\"https:\/\/akropolis.lt\/siauliai\/?s={search_term_string}\"},\"query-input\":{\"@type\":\"PropertyValueSpecification\",\"valueRequired\":true,\"valueName\":\"search_term_string\"}}],\"inLanguage\":\"lt-LT\"}]}<\/script>\n<!-- \/ Yoast SEO plugin. -->","yoast_head_json":{"title":"Karjera - Akropolis \u0160iauliai","robots":{"index":"index","follow":"follow","max-snippet":"max-snippet:-1","max-image-preview":"max-image-preview:large","max-video-preview":"max-video-preview:-1"},"canonical":"https:\/\/akropolis.lt\/siauliai\/karjera\/","og_locale":"lt_LT","og_type":"article","og_title":"Karjera - Akropolis \u0160iauliai","og_url":"https:\/\/akropolis.lt\/siauliai\/karjera\/","og_site_name":"Akropolis \u0160iauliai","article_modified_time":"2025-06-30T14:41:22+00:00","og_image":[{"width":1200,"height":630,"url":"https:\/\/akropolis.lt\/siauliai\/wp-content\/uploads\/sites\/5\/2025\/12\/OG-image.png","type":"image\/png"}],"twitter_card":"summary_large_image","schema":{"@context":"https:\/\/schema.org","@graph":[{"@type":"WebPage","@id":"https:\/\/akropolis.lt\/siauliai\/karjera\/","url":"https:\/\/akropolis.lt\/siauliai\/karjera\/","name":"Karjera - Akropolis \u0160iauliai","isPartOf":{"@id":"https:\/\/akropolis.lt\/siauliai\/#website"},"datePublished":"2025-04-28T10:14:35+00:00","dateModified":"2025-06-30T14:41:22+00:00","breadcrumb":{"@id":"https:\/\/akropolis.lt\/siauliai\/karjera\/#breadcrumb"},"inLanguage":"lt-LT","potentialAction":[{"@type":"ReadAction","target":["https:\/\/akropolis.lt\/siauliai\/karjera\/"]}]},{"@type":"BreadcrumbList","@id":"https:\/\/akropolis.lt\/siauliai\/karjera\/#breadcrumb","itemListElement":[{"@type":"ListItem","position":1,"name":"Home","item":"https:\/\/akropolis.lt\/siauliai\/"},{"@type":"ListItem","position":2,"name":"Karjera"}]},{"@type":"WebSite","@id":"https:\/\/akropolis.lt\/siauliai\/#website","url":"https:\/\/akropolis.lt\/siauliai\/","name":"Akropolis \u0160iauliai","description":"","potentialAction":[{"@type":"SearchAction","target":{"@type":"EntryPoint","urlTemplate":"https:\/\/akropolis.lt\/siauliai\/?s={search_term_string}"},"query-input":{"@type":"PropertyValueSpecification","valueRequired":true,"valueName":"search_term_string"}}],"inLanguage":"lt-LT"}]}},"_links":{"self":[{"href":"https:\/\/akropolis.lt\/siauliai\/wp-json\/wp\/v2\/pages\/2415","targetHints":{"allow":["GET"]}}],"collection":[{"href":"https:\/\/akropolis.lt\/siauliai\/wp-json\/wp\/v2\/pages"}],"about":[{"href":"https:\/\/akropolis.lt\/siauliai\/wp-json\/wp\/v2\/types\/page"}],"author":[{"embeddable":true,"href":"https:\/\/akropolis.lt\/siauliai\/wp-json\/wp\/v2\/users\/13"}],"replies":[{"embeddable":true,"href":"https:\/\/akropolis.lt\/siauliai\/wp-json\/wp\/v2\/comments?post=2415"}],"version-history":[{"count":3,"href":"https:\/\/akropolis.lt\/siauliai\/wp-json\/wp\/v2\/pages\/2415\/revisions"}],"predecessor-version":[{"id":3540,"href":"https:\/\/akropolis.lt\/siauliai\/wp-json\/wp\/v2\/pages\/2415\/revisions\/3540"}],"wp:attachment":[{"href":"https:\/\/akropolis.lt\/siauliai\/wp-json\/wp\/v2\/media?parent=2415"}],"curies":[{"name":"wp","href":"https:\/\/api.w.org\/{rel}","templated":true}]}}