{"id":2438,"date":"2025-04-27T17:40:40","date_gmt":"2025-04-27T14:40:40","guid":{"rendered":"https:\/\/akropolis.lt\/vilnius\/?page_id=4699"},"modified":"2026-01-12T07:57:08","modified_gmt":"2026-01-12T07:57:08","slug":"reklama-prekybos-centre","status":"publish","type":"page","link":"https:\/\/akropolis.lt\/siauliai\/reklama-prekybos-centre\/","title":{"rendered":"Reklama prekybos centre"},"content":{"rendered":"\n    <section id=\"text-sidebar-block-6819f6c20baa4\" class=\"text-sidebar\">\n        <div class=\"container\">\n            <div class=\"wrap hide-nav\">\n                                <div class=\"content-title-side\">\n                                            <h1 class=\"h4\">Reklamini\u0173 pozicij\u0173 \u012fkainiai \u0160iauli\u0173 Akropolyje <\/h1>\n                                                                                    <div class=\"content-side \">\n                                                        <div class=\"step-holder \">\n                                                                                            <div class=\"item js-policy-block\" data-target=\"item-0\"\n                                         id=\"item-0\">\n                                                                                                                                            <div class=\"btns-wrap\">\n                                                                                                                    <a rel=\"noopener noreferrer\" class=\"btn dot bg-light-gray\"\n                                                               target=\"_self\"\n                                                               href=\"https:\/\/akropolis.lt\/siauliai\/wp-content\/uploads\/sites\/5\/2026\/01\/12938_Siauliu-kainininkas_2026_compressed.pdf\"><span>Pilnas reklamos pozicij\u0173 s\u0105ra\u0161as su kainomis<\/span><\/a>\n                                                                                                            <\/div>\n                                                                                                                                                                                                                                <div class=\"content-wrap\">\n                                                    <table style=\"border-collapse: collapse; width: 100%; height: 415px;\">\n<thead>\n<tr style=\"height: 72px;\">\n<td style=\"height: 72px; width: 29.4124%; text-align: center;\">Reklamin\u0117s pozicijos<\/td>\n<td style=\"height: 72px; width: 19.2129%; text-align: center;\">Kaina m\u0117nesiui*<\/td>\n<td style=\"width: 21.6962%; height: 72px; text-align: center;\">Pozicij\u0173 kiekis<\/td>\n<td style=\"width: 29.6785%; height: 72px; text-align: center;\">Min. nuomos laikotarpis<\/td>\n<\/tr>\n<\/thead>\n<tbody>\n<tr style=\"height: 72px;\">\n<td style=\"width: 29.4124%; height: 72px;\">Reklamin\u0117s plok\u0161tumos<\/td>\n<td style=\"width: 19.2129%; height: 72px; text-align: center;\"><strong>nuo 250 \u20ac <\/strong><\/td>\n<td style=\"width: 21.6962%; height: 72px; text-align: center;\">6<\/td>\n<td style=\"width: 29.6785%; height: 72px; text-align: center;\">1 m\u0117n.<\/td>\n<\/tr>\n<tr style=\"height: 72px;\">\n<td style=\"width: 29.4124%; height: 72px;\">\u0160viesd\u0117\u017e\u0117s<\/td>\n<td style=\"width: 19.2129%; height: 72px; text-align: center;\"><strong>nuo 50 \u20ac <\/strong><\/td>\n<td style=\"width: 21.6962%; height: 72px; text-align: center;\">36<\/td>\n<td style=\"width: 29.6785%; height: 72px; text-align: center;\">1 m\u0117n.<\/td>\n<\/tr>\n<tr style=\"height: 48px;\">\n<td style=\"width: 29.4124%; height: 48px;\">Reklaminiai lipdukai ant besisukan\u010di\u0173 dur\u0173<\/td>\n<td style=\"width: 19.2129%; height: 48px; text-align: center;\"><strong>nuo 230 \u20ac<\/strong><\/td>\n<td style=\"width: 21.6962%; height: 48px; text-align: center;\">2<\/td>\n<td style=\"width: 29.6785%; height: 48px; text-align: center;\">1 m\u0117n.<\/td>\n<\/tr>\n<tr style=\"height: 24px;\">\n<td style=\"width: 29.4124%; height: 24px;\">Preki\u0173 \/ automobilio eksponavimas<\/td>\n<td style=\"width: 19.2129%; height: 24px; text-align: center;\"><strong>nuo 230 \u20ac<\/strong><\/td>\n<td style=\"width: 21.6962%; height: 24px; text-align: center;\">16<\/td>\n<td style=\"width: 29.6785%; height: 24px; text-align: center;\">1 m\u0117n.<\/td>\n<\/tr>\n<tr style=\"height: 24px;\">\n<td style=\"width: 29.4124%; height: 24px;\">Reklaminiai lipdukai ant slankiojan\u010di\u0173 \u012f\u0117jimo dur\u0173<\/td>\n<td style=\"width: 19.2129%; height: 24px; text-align: center;\"><strong>nuo 250 \u20ac<\/strong><\/td>\n<td style=\"width: 21.6962%; height: 24px; text-align: center;\">8<\/td>\n<td style=\"width: 29.6785%; height: 24px; text-align: center;\">1 m\u0117n.<\/td>\n<\/tr>\n<tr style=\"height: 24px;\">\n<td style=\"width: 29.4124%; height: 24px;\">Eskalatoriai<\/td>\n<td style=\"width: 19.2129%; height: 24px; text-align: center;\"><strong>nuo 160 \u20ac<\/strong><\/td>\n<td style=\"width: 21.6962%; height: 24px; text-align: center;\">12<\/td>\n<td style=\"width: 29.6785%; height: 24px; text-align: center;\">1 m\u0117n.<\/td>\n<\/tr>\n<tr style=\"height: 24px;\">\n<td style=\"width: 29.4124%; height: 24px;\">Radijo reklama<\/td>\n<td style=\"width: 19.2129%; height: 24px; text-align: center;\"><strong>min. sutarties kaina 60 Eur<\/strong><\/td>\n<td style=\"width: 21.6962%; height: 24px; text-align: center;\">max. 4 klipai\/ val.<\/td>\n<td style=\"width: 29.6785%; height: 24px; text-align: center;\"><\/td>\n<\/tr>\n<tr>\n<td style=\"width: 29.4124%;\">Reklaminiai lipdukai<\/td>\n<td style=\"width: 19.2129%; text-align: center;\"><strong>\u00a0nuo 60 Eur <\/strong><\/td>\n<td style=\"width: 21.6962%; text-align: center;\">20<\/td>\n<td style=\"width: 29.6785%; text-align: center;\">2-4 sav.<\/td>\n<\/tr>\n<tr>\n<td style=\"width: 29.4124%;\">Reklamin\u0117s med\u017eiagos platinimas\/Prezentacijos<\/td>\n<td style=\"width: 19.2129%; text-align: center;\"><strong>nuo 50 \u20ac\/val.<\/strong><\/td>\n<td style=\"width: 21.6962%; text-align: center;\">10<\/td>\n<td style=\"width: 29.6785%; text-align: center;\">2 val.<\/td>\n<\/tr>\n<tr>\n<td style=\"width: 29.4124%;\">V\u0117liavos<\/td>\n<td style=\"width: 19.2129%; text-align: center;\"><strong>nuo 300 \u20ac<\/strong><\/td>\n<td style=\"width: 21.6962%; text-align: center;\">4<\/td>\n<td style=\"width: 29.6785%; text-align: center;\">1 m\u0117n.<\/td>\n<\/tr>\n<\/tbody>\n<\/table>\n<p>&nbsp;<\/p>\n                                                <\/div>\n                                                                                                                                                                    <\/div>\n                                                            <\/div>\n                                                        <div class=\"step-holder \">\n                                                                                            <div class=\"item js-policy-block\" data-target=\"item-1\"\n                                         id=\"item-1\">\n                                                                                        <div class=\"content-wrap notice-text\">\n                                                    <p><strong>Svarbu:<\/strong> visos skelbiamos reklamini\u0173 pozicij\u0173 kainos orientacin\u0117s ir gali b\u016bti taikomos konkre\u010dios pozicijos, reklamos laikotarpio bei kit\u0173 individuali\u0173 aplinkybi\u0173.\u2028Nurodytos kainos jokiu b\u016bdu negali b\u016bti laikomos \u012fsipareigojimu parduoti reklamines pozicijas u\u017e \u0161ias orientacines kainas. Galutin\u0117 kaina visais atvejais derinama individualiai, atsi\u017evelgiant \u012f konkret\u0173 u\u017esakym\u0105.<\/p>\n<p>D\u0117l naujien\u0173 ir akcij\u0173 talpinimo internete kreiptis \u012f <a href=\"mailto:naujienos@akropolis.lt\">naujienos@akropolis.lt<\/a><\/p>\n                                                <\/div>\n                                                                                                                                                                    <\/div>\n                                                            <\/div>\n                                                    <\/div>\n                                    <\/div>\n            <\/div>\n        <\/div>\n    <\/section>\n\n<script>window.dispatchEvent( new Event('acf\/loaded\/text-sidebar'));<\/script>\n\n\n<section id=\"contact-information-block-6834cd082437e\" class=\"contact-information light-gray bpt\">\n    <div class=\"container\">\n                    <div class=\"title-block\">\n                <h3 class=\"h4\">Kontaktin\u0117 informacija<\/h3>            <\/div>\n                                    <div class=\"contact-cards white\">\n                                        <div class=\"contact-card\">\n        <div class=\"contact-card-img-block\">\n                                            <img loading=\"lazy\" width=\"401\" height=\"401\" src=\"https:\/\/akropolis.lt\/siauliai\/wp-content\/uploads\/sites\/5\/2025\/06\/4848.png\" class=\"contact-card-img force-no-contrast\" alt=\"Alma Samo\u0161kien\u0117\" srcset=\"https:\/\/akropolis.lt\/siauliai\/wp-content\/uploads\/sites\/5\/2025\/06\/4848.png 401w, https:\/\/akropolis.lt\/siauliai\/wp-content\/uploads\/sites\/5\/2025\/06\/4848-300x300.png 300w, https:\/\/akropolis.lt\/siauliai\/wp-content\/uploads\/sites\/5\/2025\/06\/4848-150x150.png 150w\" sizes=\"auto, (max-width: 401px) 100vw, 401px\" \/>                    <\/div>\n        <div class=\"contact-card-content\">\n                            <h6 class=\"contact-card-name\">Alma Samo\u0161kien\u0117<\/h6>\n                                        <p class=\"contact-card-position\">Akropolis \u0160iauliai valdytoja<\/p>\n                                        <p class=\"contact-card-label\">Darbo valandos<\/p>\n                <p class=\"contact-card-value\">I-V 08:00-17:00<\/p>\n                                        <p class=\"contact-card-label\">Tel. numeris<\/p>\n                <a href=\"tel:+370 659 38323\"\n                   class=\"contact-card-value\">+370 659 38323<\/a>\n                                        <p class=\"contact-card-label\">El. pa\u0161tas<\/p>\n                <a href=\"mailto:alma.samoskiene@akropolis.lt\" class=\"contact-card-value\">alma.samoskiene@akropolis.lt<\/a>\n                    <\/div>\n    <\/div>\n                                        <div class=\"contact-card\">\n        <div class=\"contact-card-img-block\">\n                                            <img loading=\"lazy\" width=\"1085\" height=\"1080\" src=\"https:\/\/akropolis.lt\/siauliai\/wp-content\/uploads\/sites\/5\/2025\/06\/12815-1085x1080.jpg\" class=\"contact-card-img force-no-contrast\" alt=\"Sigita Rutien\u0117\" srcset=\"https:\/\/akropolis.lt\/siauliai\/wp-content\/uploads\/sites\/5\/2025\/06\/12815-1085x1080.jpg 1085w, https:\/\/akropolis.lt\/siauliai\/wp-content\/uploads\/sites\/5\/2025\/06\/12815-300x300.jpg 300w, https:\/\/akropolis.lt\/siauliai\/wp-content\/uploads\/sites\/5\/2025\/06\/12815-1024x1019.jpg 1024w, https:\/\/akropolis.lt\/siauliai\/wp-content\/uploads\/sites\/5\/2025\/06\/12815-150x150.jpg 150w, https:\/\/akropolis.lt\/siauliai\/wp-content\/uploads\/sites\/5\/2025\/06\/12815-768x764.jpg 768w, https:\/\/akropolis.lt\/siauliai\/wp-content\/uploads\/sites\/5\/2025\/06\/12815-1536x1529.jpg 1536w, https:\/\/akropolis.lt\/siauliai\/wp-content\/uploads\/sites\/5\/2025\/06\/12815-2048x2038.jpg 2048w\" sizes=\"auto, (max-width: 1085px) 100vw, 1085px\" \/>                    <\/div>\n        <div class=\"contact-card-content\">\n                            <h6 class=\"contact-card-name\">Sigita Rutien\u0117<\/h6>\n                                        <p class=\"contact-card-position\">Rinkodaros vadybinink\u0117<\/p>\n                                        <p class=\"contact-card-label\">Darbo valandos<\/p>\n                <p class=\"contact-card-value\">I-V 08:00-17:00<\/p>\n                                        <p class=\"contact-card-label\">Tel. numeris<\/p>\n                <a href=\"tel:+370 659 23627\"\n                   class=\"contact-card-value\">+370 659 23627<\/a>\n                                        <p class=\"contact-card-label\">El. pa\u0161tas<\/p>\n                <a href=\"mailto:sigita.rutiene@akropolis.lt\" class=\"contact-card-value\">sigita.rutiene@akropolis.lt<\/a>\n                    <\/div>\n    <\/div>\n                                        <div class=\"contact-card\">\n        <div class=\"contact-card-img-block\">\n                                            <img loading=\"lazy\" width=\"325\" height=\"325\" src=\"https:\/\/akropolis.lt\/siauliai\/wp-content\/uploads\/sites\/5\/2025\/06\/image-75.png\" class=\"contact-card-img force-no-contrast\" alt=\"Renginiai\" srcset=\"https:\/\/akropolis.lt\/siauliai\/wp-content\/uploads\/sites\/5\/2025\/06\/image-75.png 325w, https:\/\/akropolis.lt\/siauliai\/wp-content\/uploads\/sites\/5\/2025\/06\/image-75-300x300.png 300w, https:\/\/akropolis.lt\/siauliai\/wp-content\/uploads\/sites\/5\/2025\/06\/image-75-150x150.png 150w\" sizes=\"auto, (max-width: 325px) 100vw, 325px\" \/>                    <\/div>\n        <div class=\"contact-card-content\">\n                            <h6 class=\"contact-card-name\">Renginiai<\/h6>\n                                        <p class=\"contact-card-position\">prekybos centre<\/p>\n                                        <p class=\"contact-card-label\">Darbo valandos<\/p>\n                <p class=\"contact-card-value\">I-V 09:00-18:00<\/p>\n                                        <p class=\"contact-card-label\">Tel. numeris<\/p>\n                <a href=\"tel:+370 6833 2123\"\n                   class=\"contact-card-value\">+370 6833 2123<\/a>\n                                        <p class=\"contact-card-label\">El. pa\u0161tas<\/p>\n                <a href=\"mailto:renginiai@akropolis.lt\" class=\"contact-card-value\">renginiai@akropolis.lt<\/a>\n                    <\/div>\n    <\/div>\n                            <\/div>\n            <\/div>\n<\/section>\n\n<script>window.dispatchEvent( new Event('acf\/loaded\/contact-information'));<\/script>","protected":false},"excerpt":{"rendered":"","protected":false},"author":1,"featured_media":0,"parent":0,"menu_order":0,"comment_status":"closed","ping_status":"closed","template":"","meta":{"_acf_changed":false,"footnotes":""},"class_list":["post-2438","page","type-page","status-publish","hentry"],"acf":[],"yoast_head":"<!-- This site is optimized with the Yoast SEO plugin v27.2 - https:\/\/yoast.com\/product\/yoast-seo-wordpress\/ -->\n<title>Reklama prekybos centre - Akropolis \u0160iauliai<\/title>\n<meta name=\"robots\" content=\"index, follow, max-snippet:-1, max-image-preview:large, max-video-preview:-1\" \/>\n<link rel=\"canonical\" href=\"https:\/\/akropolis.lt\/siauliai\/reklama-prekybos-centre\/\" \/>\n<meta property=\"og:locale\" content=\"lt_LT\" \/>\n<meta property=\"og:type\" content=\"article\" \/>\n<meta property=\"og:title\" content=\"Reklama prekybos centre - Akropolis \u0160iauliai\" \/>\n<meta property=\"og:url\" content=\"https:\/\/akropolis.lt\/siauliai\/reklama-prekybos-centre\/\" \/>\n<meta property=\"og:site_name\" content=\"Akropolis \u0160iauliai\" \/>\n<meta property=\"article:modified_time\" content=\"2026-01-12T07:57:08+00:00\" \/>\n<meta property=\"og:image\" content=\"https:\/\/akropolis.lt\/siauliai\/wp-content\/uploads\/sites\/5\/2025\/12\/OG-image.png\" \/>\n\t<meta property=\"og:image:width\" content=\"1200\" \/>\n\t<meta property=\"og:image:height\" content=\"630\" \/>\n\t<meta property=\"og:image:type\" content=\"image\/png\" \/>\n<meta name=\"twitter:card\" content=\"summary_large_image\" \/>\n<script type=\"application\/ld+json\" class=\"yoast-schema-graph\">{\"@context\":\"https:\/\/schema.org\",\"@graph\":[{\"@type\":\"WebPage\",\"@id\":\"https:\/\/akropolis.lt\/siauliai\/reklama-prekybos-centre\/\",\"url\":\"https:\/\/akropolis.lt\/siauliai\/reklama-prekybos-centre\/\",\"name\":\"Reklama prekybos centre - Akropolis \u0160iauliai\",\"isPartOf\":{\"@id\":\"https:\/\/akropolis.lt\/siauliai\/#website\"},\"datePublished\":\"2025-04-27T14:40:40+00:00\",\"dateModified\":\"2026-01-12T07:57:08+00:00\",\"breadcrumb\":{\"@id\":\"https:\/\/akropolis.lt\/siauliai\/reklama-prekybos-centre\/#breadcrumb\"},\"inLanguage\":\"lt-LT\",\"potentialAction\":[{\"@type\":\"ReadAction\",\"target\":[\"https:\/\/akropolis.lt\/siauliai\/reklama-prekybos-centre\/\"]}]},{\"@type\":\"BreadcrumbList\",\"@id\":\"https:\/\/akropolis.lt\/siauliai\/reklama-prekybos-centre\/#breadcrumb\",\"itemListElement\":[{\"@type\":\"ListItem\",\"position\":1,\"name\":\"Home\",\"item\":\"https:\/\/akropolis.lt\/siauliai\/\"},{\"@type\":\"ListItem\",\"position\":2,\"name\":\"Reklama prekybos centre\"}]},{\"@type\":\"WebSite\",\"@id\":\"https:\/\/akropolis.lt\/siauliai\/#website\",\"url\":\"https:\/\/akropolis.lt\/siauliai\/\",\"name\":\"Akropolis \u0160iauliai\",\"description\":\"\",\"potentialAction\":[{\"@type\":\"SearchAction\",\"target\":{\"@type\":\"EntryPoint\",\"urlTemplate\":\"https:\/\/akropolis.lt\/siauliai\/?s={search_term_string}\"},\"query-input\":{\"@type\":\"PropertyValueSpecification\",\"valueRequired\":true,\"valueName\":\"search_term_string\"}}],\"inLanguage\":\"lt-LT\"}]}<\/script>\n<!-- \/ Yoast SEO plugin. -->","yoast_head_json":{"title":"Reklama prekybos centre - Akropolis \u0160iauliai","robots":{"index":"index","follow":"follow","max-snippet":"max-snippet:-1","max-image-preview":"max-image-preview:large","max-video-preview":"max-video-preview:-1"},"canonical":"https:\/\/akropolis.lt\/siauliai\/reklama-prekybos-centre\/","og_locale":"lt_LT","og_type":"article","og_title":"Reklama prekybos centre - Akropolis \u0160iauliai","og_url":"https:\/\/akropolis.lt\/siauliai\/reklama-prekybos-centre\/","og_site_name":"Akropolis \u0160iauliai","article_modified_time":"2026-01-12T07:57:08+00:00","og_image":[{"width":1200,"height":630,"url":"https:\/\/akropolis.lt\/siauliai\/wp-content\/uploads\/sites\/5\/2025\/12\/OG-image.png","type":"image\/png"}],"twitter_card":"summary_large_image","schema":{"@context":"https:\/\/schema.org","@graph":[{"@type":"WebPage","@id":"https:\/\/akropolis.lt\/siauliai\/reklama-prekybos-centre\/","url":"https:\/\/akropolis.lt\/siauliai\/reklama-prekybos-centre\/","name":"Reklama prekybos centre - Akropolis \u0160iauliai","isPartOf":{"@id":"https:\/\/akropolis.lt\/siauliai\/#website"},"datePublished":"2025-04-27T14:40:40+00:00","dateModified":"2026-01-12T07:57:08+00:00","breadcrumb":{"@id":"https:\/\/akropolis.lt\/siauliai\/reklama-prekybos-centre\/#breadcrumb"},"inLanguage":"lt-LT","potentialAction":[{"@type":"ReadAction","target":["https:\/\/akropolis.lt\/siauliai\/reklama-prekybos-centre\/"]}]},{"@type":"BreadcrumbList","@id":"https:\/\/akropolis.lt\/siauliai\/reklama-prekybos-centre\/#breadcrumb","itemListElement":[{"@type":"ListItem","position":1,"name":"Home","item":"https:\/\/akropolis.lt\/siauliai\/"},{"@type":"ListItem","position":2,"name":"Reklama prekybos centre"}]},{"@type":"WebSite","@id":"https:\/\/akropolis.lt\/siauliai\/#website","url":"https:\/\/akropolis.lt\/siauliai\/","name":"Akropolis \u0160iauliai","description":"","potentialAction":[{"@type":"SearchAction","target":{"@type":"EntryPoint","urlTemplate":"https:\/\/akropolis.lt\/siauliai\/?s={search_term_string}"},"query-input":{"@type":"PropertyValueSpecification","valueRequired":true,"valueName":"search_term_string"}}],"inLanguage":"lt-LT"}]}},"_links":{"self":[{"href":"https:\/\/akropolis.lt\/siauliai\/wp-json\/wp\/v2\/pages\/2438","targetHints":{"allow":["GET"]}}],"collection":[{"href":"https:\/\/akropolis.lt\/siauliai\/wp-json\/wp\/v2\/pages"}],"about":[{"href":"https:\/\/akropolis.lt\/siauliai\/wp-json\/wp\/v2\/types\/page"}],"author":[{"embeddable":true,"href":"https:\/\/akropolis.lt\/siauliai\/wp-json\/wp\/v2\/users\/1"}],"replies":[{"embeddable":true,"href":"https:\/\/akropolis.lt\/siauliai\/wp-json\/wp\/v2\/comments?post=2438"}],"version-history":[{"count":6,"href":"https:\/\/akropolis.lt\/siauliai\/wp-json\/wp\/v2\/pages\/2438\/revisions"}],"predecessor-version":[{"id":5629,"href":"https:\/\/akropolis.lt\/siauliai\/wp-json\/wp\/v2\/pages\/2438\/revisions\/5629"}],"wp:attachment":[{"href":"https:\/\/akropolis.lt\/siauliai\/wp-json\/wp\/v2\/media?parent=2438"}],"curies":[{"name":"wp","href":"https:\/\/api.w.org\/{rel}","templated":true}]}}