{"id":4099,"date":"2025-09-11T05:52:32","date_gmt":"2025-09-11T05:52:32","guid":{"rendered":"https:\/\/akropolis.lt\/siauliai\/?page_id=4099"},"modified":"2025-09-16T14:34:46","modified_gmt":"2025-09-16T14:34:46","slug":"vaiko-prieziuros-kambarys","status":"publish","type":"page","link":"https:\/\/akropolis.lt\/siauliai\/nemokami-patogumai\/vaiko-prieziuros-kambarys\/","title":{"rendered":"Vaik\u0173 prie\u017ei\u016bros kambariai"},"content":{"rendered":"\n    <section id=\"post-cards-list-block-68c263a0c764d\" class=\"post-cards-list\">\n        <div class=\"container\">\n\n                                                <h1 class=\"h4 title\">Vaik\u0173 prie\u017ei\u016bros kambariai<\/h1>\n                \n                            \n            \n                                    <div class=\"cards-list\">\n                        \n<a href=\"https:\/\/akropolis.lt\/siauliai\/parduotuve\/vaiko-prieziuros-kambarys-prie-aido-iejimo\/\" class=\"service-card card-item sm-col-span-12 md-col-span-6 col-span-4\">\n    <div class=\"content-wrapper\">\n        \n                                            <img\n                        class=\"service-icon force-no-contrast\"\n                        src=\"https:\/\/akropolis.lt\/siauliai\/wp-content\/uploads\/sites\/5\/2025\/06\/17383228094321.jpg\"\n                        srcset=\"https:\/\/akropolis.lt\/siauliai\/wp-content\/uploads\/sites\/5\/2025\/06\/17383228094321-300x300.jpg 300w, https:\/\/akropolis.lt\/siauliai\/wp-content\/uploads\/sites\/5\/2025\/06\/17383228094321-150x150.jpg 150w, https:\/\/akropolis.lt\/siauliai\/wp-content\/uploads\/sites\/5\/2025\/06\/17383228094321.jpg 431w\"\n                        alt=\"\"\/>\n\n            \n        \n                    <h2 class=\"h7 service-title\">\n                Vaiko prie\u017ei\u016bros kambarys (prie AIDO \u012f\u0117jimo)            <\/h2>\n        \n                    <div class=\"service-description wysiwyg\">\n                <p>Vaik\u0173 prie\u017ei\u016bros kambarys &ndash; tai patogi ir jauki erdv\u0117 t\u0117vams su ma\u017eyliais, kurioje rasite visk\u0105, ko gali prireikti r\u016bpestingai vaiko prie\u017ei\u016brai. \u010cia \u012frengta vystymo lenta, patogus mink&scaron;tasuolis, mikrobang\u0173 krosnel\u0117, vandens kranas ir &scaron;iuk&scaron;liad\u0117\u017e\u0117. Ma\u017eiesiems \u017eaidim\u0173 kampelyje pritvirtinti interaktyv\u016bs \u017eaislai, kad jie gal\u0117t\u0173 smagiai leisti laik\u0105. Tai vieta, kurioje &scaron;eimos gali jaustis patogiai ir u\u017etikrintai kiekvieno apsilankymo metu!<\/p>\n            <\/div>\n        \n        <div class=\"link service-cta\">\n            <span>Su\u017einoti daugiau<\/span>\n        <\/div>\n    <\/div>\n<\/a>\n\n<a href=\"https:\/\/akropolis.lt\/siauliai\/parduotuve\/vaiko-prieziuros-kambarys-tauro-al\/\" class=\"service-card card-item sm-col-span-12 md-col-span-6 col-span-4\">\n    <div class=\"content-wrapper\">\n        \n                                            <img\n                        class=\"service-icon force-no-contrast\"\n                        src=\"https:\/\/akropolis.lt\/siauliai\/wp-content\/uploads\/sites\/5\/2025\/06\/17383228155327.jpg\"\n                        srcset=\"https:\/\/akropolis.lt\/siauliai\/wp-content\/uploads\/sites\/5\/2025\/06\/17383228155327-300x300.jpg 300w, https:\/\/akropolis.lt\/siauliai\/wp-content\/uploads\/sites\/5\/2025\/06\/17383228155327-150x150.jpg 150w, https:\/\/akropolis.lt\/siauliai\/wp-content\/uploads\/sites\/5\/2025\/06\/17383228155327.jpg 431w\"\n                        alt=\"\"\/>\n\n            \n        \n                    <h2 class=\"h7 service-title\">\n                Vaiko prie\u017ei\u016bros kambarys (Tauro al.)            <\/h2>\n        \n                    <div class=\"service-description wysiwyg\">\n                <p>Vaik\u0173 prie\u017ei\u016bros kambarys &ndash; tai patogi ir jauki erdv\u0117 t\u0117vams su ma\u017eyliais, kurioje rasite visk\u0105, ko gali prireikti r\u016bpestingai vaiko prie\u017ei\u016brai. \u010cia \u012frengta vystymo lenta, patogus mink&scaron;tasuolis, mikrobang\u0173 krosnel\u0117, vandens kranas ir &scaron;iuk&scaron;liad\u0117\u017e\u0117. Ma\u017eiesiems \u017eaidim\u0173 kampelyje pritvirtinti interaktyv\u016bs \u017eaislai, kad jie gal\u0117t\u0173 smagiai leisti laik\u0105. Tai vieta, kurioje &scaron;eimos gali jaustis patogiai ir u\u017etikrintai kiekvieno apsilankymo metu!<\/p>\n            <\/div>\n        \n        <div class=\"link service-cta\">\n            <span>Su\u017einoti daugiau<\/span>\n        <\/div>\n    <\/div>\n<\/a>\n                    <\/div>\n                \n            \n        <\/div>\n    <\/section>\n\n<script>window.dispatchEvent( new Event('acf\/loaded\/post-cards-list'));<\/script>","protected":false},"excerpt":{"rendered":"","protected":false},"author":1,"featured_media":0,"parent":2418,"menu_order":0,"comment_status":"closed","ping_status":"closed","template":"","meta":{"_acf_changed":false,"footnotes":""},"class_list":["post-4099","page","type-page","status-publish","hentry"],"acf":[],"yoast_head":"<!-- This site is optimized with the Yoast SEO plugin v27.2 - https:\/\/yoast.com\/product\/yoast-seo-wordpress\/ -->\n<title>Vaik\u0173 prie\u017ei\u016bros kambariai - Akropolis \u0160iauliai<\/title>\n<meta name=\"robots\" content=\"index, follow, max-snippet:-1, max-image-preview:large, max-video-preview:-1\" \/>\n<link rel=\"canonical\" href=\"https:\/\/akropolis.lt\/siauliai\/nemokami-patogumai\/vaiko-prieziuros-kambarys\/\" \/>\n<meta property=\"og:locale\" content=\"lt_LT\" \/>\n<meta property=\"og:type\" content=\"article\" \/>\n<meta property=\"og:title\" content=\"Vaik\u0173 prie\u017ei\u016bros kambariai - Akropolis \u0160iauliai\" \/>\n<meta property=\"og:url\" content=\"https:\/\/akropolis.lt\/siauliai\/nemokami-patogumai\/vaiko-prieziuros-kambarys\/\" \/>\n<meta property=\"og:site_name\" content=\"Akropolis \u0160iauliai\" \/>\n<meta property=\"article:modified_time\" content=\"2025-09-16T14:34:46+00:00\" \/>\n<meta property=\"og:image\" content=\"https:\/\/akropolis.lt\/siauliai\/wp-content\/uploads\/sites\/5\/2025\/12\/OG-image.png\" \/>\n\t<meta property=\"og:image:width\" content=\"1200\" \/>\n\t<meta property=\"og:image:height\" content=\"630\" \/>\n\t<meta property=\"og:image:type\" content=\"image\/png\" \/>\n<meta name=\"twitter:card\" content=\"summary_large_image\" \/>\n<script type=\"application\/ld+json\" class=\"yoast-schema-graph\">{\"@context\":\"https:\/\/schema.org\",\"@graph\":[{\"@type\":\"WebPage\",\"@id\":\"https:\/\/akropolis.lt\/siauliai\/nemokami-patogumai\/vaiko-prieziuros-kambarys\/\",\"url\":\"https:\/\/akropolis.lt\/siauliai\/nemokami-patogumai\/vaiko-prieziuros-kambarys\/\",\"name\":\"Vaik\u0173 prie\u017ei\u016bros kambariai - Akropolis \u0160iauliai\",\"isPartOf\":{\"@id\":\"https:\/\/akropolis.lt\/siauliai\/#website\"},\"datePublished\":\"2025-09-11T05:52:32+00:00\",\"dateModified\":\"2025-09-16T14:34:46+00:00\",\"breadcrumb\":{\"@id\":\"https:\/\/akropolis.lt\/siauliai\/nemokami-patogumai\/vaiko-prieziuros-kambarys\/#breadcrumb\"},\"inLanguage\":\"lt-LT\",\"potentialAction\":[{\"@type\":\"ReadAction\",\"target\":[\"https:\/\/akropolis.lt\/siauliai\/nemokami-patogumai\/vaiko-prieziuros-kambarys\/\"]}]},{\"@type\":\"BreadcrumbList\",\"@id\":\"https:\/\/akropolis.lt\/siauliai\/nemokami-patogumai\/vaiko-prieziuros-kambarys\/#breadcrumb\",\"itemListElement\":[{\"@type\":\"ListItem\",\"position\":1,\"name\":\"Home\",\"item\":\"https:\/\/akropolis.lt\/siauliai\/\"},{\"@type\":\"ListItem\",\"position\":2,\"name\":\"Nemokami patogumai\",\"item\":\"https:\/\/akropolis.lt\/siauliai\/nemokami-patogumai\/\"},{\"@type\":\"ListItem\",\"position\":3,\"name\":\"Vaik\u0173 prie\u017ei\u016bros kambariai\"}]},{\"@type\":\"WebSite\",\"@id\":\"https:\/\/akropolis.lt\/siauliai\/#website\",\"url\":\"https:\/\/akropolis.lt\/siauliai\/\",\"name\":\"Akropolis \u0160iauliai\",\"description\":\"\",\"potentialAction\":[{\"@type\":\"SearchAction\",\"target\":{\"@type\":\"EntryPoint\",\"urlTemplate\":\"https:\/\/akropolis.lt\/siauliai\/?s={search_term_string}\"},\"query-input\":{\"@type\":\"PropertyValueSpecification\",\"valueRequired\":true,\"valueName\":\"search_term_string\"}}],\"inLanguage\":\"lt-LT\"}]}<\/script>\n<!-- \/ Yoast SEO plugin. -->","yoast_head_json":{"title":"Vaik\u0173 prie\u017ei\u016bros kambariai - Akropolis \u0160iauliai","robots":{"index":"index","follow":"follow","max-snippet":"max-snippet:-1","max-image-preview":"max-image-preview:large","max-video-preview":"max-video-preview:-1"},"canonical":"https:\/\/akropolis.lt\/siauliai\/nemokami-patogumai\/vaiko-prieziuros-kambarys\/","og_locale":"lt_LT","og_type":"article","og_title":"Vaik\u0173 prie\u017ei\u016bros kambariai - Akropolis \u0160iauliai","og_url":"https:\/\/akropolis.lt\/siauliai\/nemokami-patogumai\/vaiko-prieziuros-kambarys\/","og_site_name":"Akropolis \u0160iauliai","article_modified_time":"2025-09-16T14:34:46+00:00","og_image":[{"width":1200,"height":630,"url":"https:\/\/akropolis.lt\/siauliai\/wp-content\/uploads\/sites\/5\/2025\/12\/OG-image.png","type":"image\/png"}],"twitter_card":"summary_large_image","schema":{"@context":"https:\/\/schema.org","@graph":[{"@type":"WebPage","@id":"https:\/\/akropolis.lt\/siauliai\/nemokami-patogumai\/vaiko-prieziuros-kambarys\/","url":"https:\/\/akropolis.lt\/siauliai\/nemokami-patogumai\/vaiko-prieziuros-kambarys\/","name":"Vaik\u0173 prie\u017ei\u016bros kambariai - Akropolis \u0160iauliai","isPartOf":{"@id":"https:\/\/akropolis.lt\/siauliai\/#website"},"datePublished":"2025-09-11T05:52:32+00:00","dateModified":"2025-09-16T14:34:46+00:00","breadcrumb":{"@id":"https:\/\/akropolis.lt\/siauliai\/nemokami-patogumai\/vaiko-prieziuros-kambarys\/#breadcrumb"},"inLanguage":"lt-LT","potentialAction":[{"@type":"ReadAction","target":["https:\/\/akropolis.lt\/siauliai\/nemokami-patogumai\/vaiko-prieziuros-kambarys\/"]}]},{"@type":"BreadcrumbList","@id":"https:\/\/akropolis.lt\/siauliai\/nemokami-patogumai\/vaiko-prieziuros-kambarys\/#breadcrumb","itemListElement":[{"@type":"ListItem","position":1,"name":"Home","item":"https:\/\/akropolis.lt\/siauliai\/"},{"@type":"ListItem","position":2,"name":"Nemokami patogumai","item":"https:\/\/akropolis.lt\/siauliai\/nemokami-patogumai\/"},{"@type":"ListItem","position":3,"name":"Vaik\u0173 prie\u017ei\u016bros kambariai"}]},{"@type":"WebSite","@id":"https:\/\/akropolis.lt\/siauliai\/#website","url":"https:\/\/akropolis.lt\/siauliai\/","name":"Akropolis \u0160iauliai","description":"","potentialAction":[{"@type":"SearchAction","target":{"@type":"EntryPoint","urlTemplate":"https:\/\/akropolis.lt\/siauliai\/?s={search_term_string}"},"query-input":{"@type":"PropertyValueSpecification","valueRequired":true,"valueName":"search_term_string"}}],"inLanguage":"lt-LT"}]}},"_links":{"self":[{"href":"https:\/\/akropolis.lt\/siauliai\/wp-json\/wp\/v2\/pages\/4099","targetHints":{"allow":["GET"]}}],"collection":[{"href":"https:\/\/akropolis.lt\/siauliai\/wp-json\/wp\/v2\/pages"}],"about":[{"href":"https:\/\/akropolis.lt\/siauliai\/wp-json\/wp\/v2\/types\/page"}],"author":[{"embeddable":true,"href":"https:\/\/akropolis.lt\/siauliai\/wp-json\/wp\/v2\/users\/1"}],"replies":[{"embeddable":true,"href":"https:\/\/akropolis.lt\/siauliai\/wp-json\/wp\/v2\/comments?post=4099"}],"version-history":[{"count":3,"href":"https:\/\/akropolis.lt\/siauliai\/wp-json\/wp\/v2\/pages\/4099\/revisions"}],"predecessor-version":[{"id":4228,"href":"https:\/\/akropolis.lt\/siauliai\/wp-json\/wp\/v2\/pages\/4099\/revisions\/4228"}],"up":[{"embeddable":true,"href":"https:\/\/akropolis.lt\/siauliai\/wp-json\/wp\/v2\/pages\/2418"}],"wp:attachment":[{"href":"https:\/\/akropolis.lt\/siauliai\/wp-json\/wp\/v2\/media?parent=4099"}],"curies":[{"name":"wp","href":"https:\/\/api.w.org\/{rel}","templated":true}]}}