{"id":9303,"date":"2025-09-10T13:35:30","date_gmt":"2025-09-10T10:35:30","guid":{"rendered":"https:\/\/akropolis.lt\/vilnius\/?page_id=9303"},"modified":"2025-09-16T17:37:35","modified_gmt":"2025-09-16T14:37:35","slug":"vaiku-zaidimu-aikstele","status":"publish","type":"page","link":"https:\/\/akropolis.lt\/vilnius\/nemokami-patogumai\/vaiku-zaidimu-aikstele\/","title":{"rendered":"Vaik\u0173 \u017eaidimo aik\u0161tel\u0117s"},"content":{"rendered":"\n    <section id=\"post-cards-list-block-68c15472de678\" class=\"post-cards-list\">\n        <div class=\"container\">\n\n                                                <h1 class=\"h4 title\">Vaik\u0173 \u017eaidimo aik\u0161tel\u0117s<\/h1>\n                \n                            \n            \n                                    <div class=\"cards-list\">\n                        \n<a href=\"https:\/\/akropolis.lt\/vilnius\/parduotuve\/vaiku-lauko-zaidimu-aikstele\/\" class=\"service-card card-item sm-col-span-12 md-col-span-6 col-span-4\">\n    <div class=\"content-wrapper\">\n        \n                                            <img\n                        class=\"service-icon force-no-contrast\"\n                        src=\"https:\/\/akropolis.lt\/vilnius\/wp-content\/uploads\/sites\/4\/2025\/03\/17032344177982.jpg\"\n                        srcset=\"https:\/\/akropolis.lt\/vilnius\/wp-content\/uploads\/sites\/4\/2025\/03\/17032344177982-300x300.jpg 300w, https:\/\/akropolis.lt\/vilnius\/wp-content\/uploads\/sites\/4\/2025\/03\/17032344177982-150x150.jpg 150w, https:\/\/akropolis.lt\/vilnius\/wp-content\/uploads\/sites\/4\/2025\/03\/17032344177982.jpg 430w\"\n                        alt=\"\"\/>\n\n            \n        \n                    <h2 class=\"h7 service-title\">\n                VAIK\u0172 LAUKO \u017dAIDIM\u0172 AIK\u0160TEL\u0116            <\/h2>\n        \n                    <div class=\"service-description wysiwyg\">\n                <p>AKROPOLIO \u017eaidim\u0173 aik\u0161tel\u0117 kvie\u010dia jus ir j\u016bs\u0173 vaikus pajausti nepamir\u0161tamas akimirkas gryname ore. Aktyvus laisvalaikis lauke bus naudingas, smagus ir kupinas \u0161ypsen\u0173.<br \/>\nKol vaiku\u010diai \u017eais, maloniai kvie\u010diame jus pasivai\u0161inti kava, ledais ar lengvais u\u017ekand\u017eiais bei m\u0117gautis laisvesne akimirka. Iki susitikimo \u017eaidim\u0173 aik\u0161tel\u0117je!<\/p>\n<p>MIELI T\u0116VELIAI,<br \/>\nJ\u016bs esate atsakingi u\u017e aik\u0161tel\u0117je \u017eaid\u017eian\u010di\u0173 J\u016bs\u0173 vaik\u0173 saugum\u0105:<br \/>\ntinkle gali b\u016bti ne daugiau kaip 10 vaik\u0173,<br \/>\nant rung\u010di\u0173 pakyl\u0173 \u2013 7, rungtyje \u2013 tik 1.<\/p>\n<p>Karusel\u0117se vienu metu gali suktis ne daugiau kaip 4 vaikai.<\/p>\n<p>\u017daiskite linksmai ir draugi\u0161kai!<\/p>\n<p>Aik\u0161tel\u0117 skirta lankytojams nuo\u00a03\u00a0m. am\u017eiaus.<\/p>\n<p>Bendrasis pagalbos telefonas 112<br \/>\nTechnin\u0117 prie\u017ei\u016bra +370 620 95485<br \/>\nAKROPOLIO informacija +370 659 23632<\/p>\n<p>Aik\u0161tel\u0117s adresas: Ozo g. 25, Vilnius, Lietuva<br \/>\nSavininkas: OZO TURTAS, UAB<\/p>\n<p>Si\u016blome plat\u0173 paslaug\u0173 pasirinkim\u0105: lauko \u017eaidimai, vaik\u0173 atrakcionai, aktyvus laisvalaikis, \u0161eimos pramogos.<\/p>\n            <\/div>\n        \n        <div class=\"link service-cta\">\n            <span>Su\u017einoti daugiau<\/span>\n        <\/div>\n    <\/div>\n<\/a>\n\n<a href=\"https:\/\/akropolis.lt\/vilnius\/parduotuve\/vaiku-zaidimu-aikstele\/\" class=\"service-card card-item sm-col-span-12 md-col-span-6 col-span-4\">\n    <div class=\"content-wrapper\">\n        \n                                            <img\n                        class=\"service-icon force-no-contrast\"\n                        src=\"https:\/\/akropolis.lt\/vilnius\/wp-content\/uploads\/sites\/4\/2025\/03\/6780c5a699ed2.jpg\"\n                        srcset=\"https:\/\/akropolis.lt\/vilnius\/wp-content\/uploads\/sites\/4\/2025\/03\/6780c5a699ed2-300x300.jpg 300w, https:\/\/akropolis.lt\/vilnius\/wp-content\/uploads\/sites\/4\/2025\/03\/6780c5a699ed2-1024x1024.jpg 1024w, https:\/\/akropolis.lt\/vilnius\/wp-content\/uploads\/sites\/4\/2025\/03\/6780c5a699ed2-150x150.jpg 150w, https:\/\/akropolis.lt\/vilnius\/wp-content\/uploads\/sites\/4\/2025\/03\/6780c5a699ed2-768x768.jpg 768w, https:\/\/akropolis.lt\/vilnius\/wp-content\/uploads\/sites\/4\/2025\/03\/6780c5a699ed2.jpg 1202w\"\n                        alt=\"\"\/>\n\n            \n        \n                    <h2 class=\"h7 service-title\">\n                VAIK\u0172 \u017dAIDIM\u0172 AIK\u0160TEL\u0116            <\/h2>\n        \n                    <div class=\"service-description wysiwyg\">\n                <p>T\u0117vams su ma\u017eais vaikais apsilankymas Klaip\u0117dos \u201eAkropolyje\u201c patogesnis ir turiningesnis. Prekybos ir pramog\u0173 centro patalpose veiks nemokama\u00a0\u017eaidim\u0173 aik\u0161tel\u0117, skirta\u00a01\u20138 met\u0173 am\u017eiaus vaikams.<\/p>\n<p>Aik\u0161tel\u0117je sumontuoti modern\u016bs, saug\u016bs, spalvingi ir \u012fvairiais dizaino elementais pasirinktas temas atspindintys laipiojimo bei balansavimo \u012frenginiai, \u010diuo\u017eyklos, edukacin\u0117s \u017eaidim\u0173 lentos.<\/p>\n<p>Si\u016blome plat\u0173 paslaug\u0173 pasirinkim\u0105: vidaus \u017eaidim\u0173 zona, vaik\u0173 atrakcionai, aktyv\u016bs \u017eaidimai, \u0161eimos erdv\u0117.<\/p>\n<p>&nbsp;<\/p>\n            <\/div>\n        \n        <div class=\"link service-cta\">\n            <span>Su\u017einoti daugiau<\/span>\n        <\/div>\n    <\/div>\n<\/a>\n                    <\/div>\n                \n            \n        <\/div>\n    <\/section>\n\n<script>window.dispatchEvent( new Event('acf\/loaded\/post-cards-list'));<\/script>","protected":false},"excerpt":{"rendered":"","protected":false},"author":1,"featured_media":0,"parent":9246,"menu_order":0,"comment_status":"closed","ping_status":"closed","template":"","meta":{"_acf_changed":false,"footnotes":""},"class_list":["post-9303","page","type-page","status-publish","hentry"],"acf":[],"yoast_head":"<!-- This site is optimized with the Yoast SEO plugin v27.2 - https:\/\/yoast.com\/product\/yoast-seo-wordpress\/ -->\n<title>Vaik\u0173 \u017eaidimo aik\u0161tel\u0117s - Akropolis Vilnius<\/title>\n<meta name=\"robots\" content=\"index, follow, max-snippet:-1, max-image-preview:large, max-video-preview:-1\" \/>\n<link rel=\"canonical\" href=\"https:\/\/akropolis.lt\/vilnius\/nemokami-patogumai\/vaiku-zaidimu-aikstele\/\" \/>\n<meta property=\"og:locale\" content=\"lt_LT\" \/>\n<meta property=\"og:type\" content=\"article\" \/>\n<meta property=\"og:title\" content=\"Vaik\u0173 \u017eaidimo aik\u0161tel\u0117s - Akropolis Vilnius\" \/>\n<meta property=\"og:url\" content=\"https:\/\/akropolis.lt\/vilnius\/nemokami-patogumai\/vaiku-zaidimu-aikstele\/\" \/>\n<meta property=\"og:site_name\" content=\"Akropolis Vilnius\" \/>\n<meta property=\"article:modified_time\" content=\"2025-09-16T14:37:35+00:00\" \/>\n<meta property=\"og:image\" content=\"https:\/\/akropolis.lt\/vilnius\/wp-content\/uploads\/sites\/4\/2025\/12\/OG-image.png\" \/>\n\t<meta property=\"og:image:width\" content=\"1200\" \/>\n\t<meta property=\"og:image:height\" content=\"630\" \/>\n\t<meta property=\"og:image:type\" content=\"image\/png\" \/>\n<meta name=\"twitter:card\" content=\"summary_large_image\" \/>\n<script type=\"application\/ld+json\" class=\"yoast-schema-graph\">{\"@context\":\"https:\/\/schema.org\",\"@graph\":[{\"@type\":\"WebPage\",\"@id\":\"https:\/\/akropolis.lt\/vilnius\/nemokami-patogumai\/vaiku-zaidimu-aikstele\/\",\"url\":\"https:\/\/akropolis.lt\/vilnius\/nemokami-patogumai\/vaiku-zaidimu-aikstele\/\",\"name\":\"Vaik\u0173 \u017eaidimo aik\u0161tel\u0117s - Akropolis Vilnius\",\"isPartOf\":{\"@id\":\"https:\/\/akropolis.lt\/vilnius\/#website\"},\"datePublished\":\"2025-09-10T10:35:30+00:00\",\"dateModified\":\"2025-09-16T14:37:35+00:00\",\"breadcrumb\":{\"@id\":\"https:\/\/akropolis.lt\/vilnius\/nemokami-patogumai\/vaiku-zaidimu-aikstele\/#breadcrumb\"},\"inLanguage\":\"lt-LT\",\"potentialAction\":[{\"@type\":\"ReadAction\",\"target\":[\"https:\/\/akropolis.lt\/vilnius\/nemokami-patogumai\/vaiku-zaidimu-aikstele\/\"]}]},{\"@type\":\"BreadcrumbList\",\"@id\":\"https:\/\/akropolis.lt\/vilnius\/nemokami-patogumai\/vaiku-zaidimu-aikstele\/#breadcrumb\",\"itemListElement\":[{\"@type\":\"ListItem\",\"position\":1,\"name\":\"Homepage\",\"item\":\"https:\/\/akropolis.lt\/vilnius\/\"},{\"@type\":\"ListItem\",\"position\":2,\"name\":\"Nemokami patogumai\",\"item\":\"https:\/\/akropolis.lt\/vilnius\/nemokami-patogumai\/\"},{\"@type\":\"ListItem\",\"position\":3,\"name\":\"Vaik\u0173 \u017eaidimo aik\u0161tel\u0117s\"}]},{\"@type\":\"WebSite\",\"@id\":\"https:\/\/akropolis.lt\/vilnius\/#website\",\"url\":\"https:\/\/akropolis.lt\/vilnius\/\",\"name\":\"Akropolis Vilnius\",\"description\":\"\",\"potentialAction\":[{\"@type\":\"SearchAction\",\"target\":{\"@type\":\"EntryPoint\",\"urlTemplate\":\"https:\/\/akropolis.lt\/vilnius\/?s={search_term_string}\"},\"query-input\":{\"@type\":\"PropertyValueSpecification\",\"valueRequired\":true,\"valueName\":\"search_term_string\"}}],\"inLanguage\":\"lt-LT\"}]}<\/script>\n<!-- \/ Yoast SEO plugin. -->","yoast_head_json":{"title":"Vaik\u0173 \u017eaidimo aik\u0161tel\u0117s - Akropolis Vilnius","robots":{"index":"index","follow":"follow","max-snippet":"max-snippet:-1","max-image-preview":"max-image-preview:large","max-video-preview":"max-video-preview:-1"},"canonical":"https:\/\/akropolis.lt\/vilnius\/nemokami-patogumai\/vaiku-zaidimu-aikstele\/","og_locale":"lt_LT","og_type":"article","og_title":"Vaik\u0173 \u017eaidimo aik\u0161tel\u0117s - Akropolis Vilnius","og_url":"https:\/\/akropolis.lt\/vilnius\/nemokami-patogumai\/vaiku-zaidimu-aikstele\/","og_site_name":"Akropolis Vilnius","article_modified_time":"2025-09-16T14:37:35+00:00","og_image":[{"width":1200,"height":630,"url":"https:\/\/akropolis.lt\/vilnius\/wp-content\/uploads\/sites\/4\/2025\/12\/OG-image.png","type":"image\/png"}],"twitter_card":"summary_large_image","schema":{"@context":"https:\/\/schema.org","@graph":[{"@type":"WebPage","@id":"https:\/\/akropolis.lt\/vilnius\/nemokami-patogumai\/vaiku-zaidimu-aikstele\/","url":"https:\/\/akropolis.lt\/vilnius\/nemokami-patogumai\/vaiku-zaidimu-aikstele\/","name":"Vaik\u0173 \u017eaidimo aik\u0161tel\u0117s - Akropolis Vilnius","isPartOf":{"@id":"https:\/\/akropolis.lt\/vilnius\/#website"},"datePublished":"2025-09-10T10:35:30+00:00","dateModified":"2025-09-16T14:37:35+00:00","breadcrumb":{"@id":"https:\/\/akropolis.lt\/vilnius\/nemokami-patogumai\/vaiku-zaidimu-aikstele\/#breadcrumb"},"inLanguage":"lt-LT","potentialAction":[{"@type":"ReadAction","target":["https:\/\/akropolis.lt\/vilnius\/nemokami-patogumai\/vaiku-zaidimu-aikstele\/"]}]},{"@type":"BreadcrumbList","@id":"https:\/\/akropolis.lt\/vilnius\/nemokami-patogumai\/vaiku-zaidimu-aikstele\/#breadcrumb","itemListElement":[{"@type":"ListItem","position":1,"name":"Homepage","item":"https:\/\/akropolis.lt\/vilnius\/"},{"@type":"ListItem","position":2,"name":"Nemokami patogumai","item":"https:\/\/akropolis.lt\/vilnius\/nemokami-patogumai\/"},{"@type":"ListItem","position":3,"name":"Vaik\u0173 \u017eaidimo aik\u0161tel\u0117s"}]},{"@type":"WebSite","@id":"https:\/\/akropolis.lt\/vilnius\/#website","url":"https:\/\/akropolis.lt\/vilnius\/","name":"Akropolis Vilnius","description":"","potentialAction":[{"@type":"SearchAction","target":{"@type":"EntryPoint","urlTemplate":"https:\/\/akropolis.lt\/vilnius\/?s={search_term_string}"},"query-input":{"@type":"PropertyValueSpecification","valueRequired":true,"valueName":"search_term_string"}}],"inLanguage":"lt-LT"}]}},"_links":{"self":[{"href":"https:\/\/akropolis.lt\/vilnius\/wp-json\/wp\/v2\/pages\/9303","targetHints":{"allow":["GET"]}}],"collection":[{"href":"https:\/\/akropolis.lt\/vilnius\/wp-json\/wp\/v2\/pages"}],"about":[{"href":"https:\/\/akropolis.lt\/vilnius\/wp-json\/wp\/v2\/types\/page"}],"author":[{"embeddable":true,"href":"https:\/\/akropolis.lt\/vilnius\/wp-json\/wp\/v2\/users\/1"}],"replies":[{"embeddable":true,"href":"https:\/\/akropolis.lt\/vilnius\/wp-json\/wp\/v2\/comments?post=9303"}],"version-history":[{"count":5,"href":"https:\/\/akropolis.lt\/vilnius\/wp-json\/wp\/v2\/pages\/9303\/revisions"}],"predecessor-version":[{"id":9595,"href":"https:\/\/akropolis.lt\/vilnius\/wp-json\/wp\/v2\/pages\/9303\/revisions\/9595"}],"up":[{"embeddable":true,"href":"https:\/\/akropolis.lt\/vilnius\/wp-json\/wp\/v2\/pages\/9246"}],"wp:attachment":[{"href":"https:\/\/akropolis.lt\/vilnius\/wp-json\/wp\/v2\/media?parent=9303"}],"curies":[{"name":"wp","href":"https:\/\/api.w.org\/{rel}","templated":true}]}}